he hundreds digit of 761822?
8
What is the thousands digit of 11576980?
6
What is the hundred thousands digit of 634416?
6
What is the hundred thousands digit of 2422152?
4
What is the tens digit of 3178755?
5
What is the units digit of 2208133?
3
What is the tens digit of 1208761?
6
What is the hundreds digit of 1791873?
8
What is the tens digit of 18559381?
8
What is the hundreds digit of 14312051?
0
What is the thousands digit of 301085?
1
What is the hundreds digit of 10131987?
9
What is the hundred thousands digit of 256612?
2
What is the thousands digit of 112373?
2
What is the ten thousands digit of 266012?
6
What is the hundreds digit of 66632?
6
What is the units digit of 119370?
0
What is the hundred thousands digit of 24393971?
3
What is the thousands digit of 196917?
6
What is the hundred thousands digit of 16859820?
8
What is the hundred thousands digit of 362166?
3
What is the ten thousands digit of 55466?
5
What is the millions digit of 1997766?
1
What is the thousands digit of 277299?
7
What is the tens digit of 673725?
2
What is the tens digit of 283544?
4
What is the thousands digit of 4893788?
3
What is the hundred thousands digit of 11835494?
8
What is the units digit of 1404491?
1
What is the millions digit of 26187636?
6
What is the thousands digit of 2819950?
9
What is the ten thousands digit of 656848?
5
What is the thousands digit of 325590?
5
What is the ten thousands digit of 69763?
6
What is the units digit of 114084?
4
What is the hundreds digit of 3578899?
8
What is the tens digit of 414002?
0
What is the thousands digit of 654395?
4
What is the ten thousands digit of 6906693?
0
What is the millions digit of 13321350?
3
What is the hundreds digit of 2198250?
2
What is the units digit of 13628?
8
What is the tens digit of 636235?
3
What is the millions digit of 6034159?
6
What is the tens digit of 248565?
6
What is the tens digit of 816727?
2
What is the hundreds digit of 181632?
6
What is the thousands digit of 1958232?
8
What is the hundred thousands digit of 473091?
4
What is the ten thousands digit of 5123735?
2
What is the tens digit of 24326701?
0
What is the hundred thousands digit of 632114?
6
What is the hundreds digit of 50600?
6
What is the hundred thousands digit of 2337242?
3
What is the ten thousands digit of 55878?
5
What is the ten thousands digit of 1325941?
2
What is the units digit of 6350?
0
What is the ten thousands digit of 1859256?
5
What is the hundreds digit of 14187074?
0
What is the thousands digit of 719029?
9
What is the thousands digit of 340622?
0
What is the units digit of 520020?
0
What is the hundreds digit of 4343921?
9
What is the millions digit of 2940057?
2
What is the ten thousands digit of 21163554?
6
What is the units digit of 343276?
6
What is the ten millions digit of 39028869?
3
What is the thousands digit of 11179844?
9
What is the hundreds digit of 1897751?
7
What is the ten thousands digit of 1184513?
8
What is the ten thousands digit of 357774?
5
What is the hundred thousands digit of 310178?
3
What is the units digit of 19940?
0
What is the units digit of 3759464?
4
What is the ten thousands digit of 196615?
9
What is the tens digit of 2141880?
8
What is the thousands digit of 1706929?
6
What is the hundreds digit of 156794?
7
What is the thousands digit of 8253259?
3
What is the thousands digit of 521708?
1
What is the tens digit of 687027?
2
What is the thousands digit of 240348?
0
What is the tens digit of 3887097?
9
What is the hundred thousands digit of 165726?
1
What is the tens digit of 443614?
1
What is the tens digit of 4403067?
6
What is the units digit of 24691220?
0
What is the hundreds digit of 426855?
8
What is the thousands digit of 659881?
9
What is the hundred thousands digit of 34626725?
6
What is the ten thousands digit of 47242?
4
What is the hundreds digit of 1637884?
8
What is the ten thousands digit of 3135462?
3
What is the units digit of 79567?
7
What is the thousands digit of 2939052?
9
What is the units digit of 876584?
4
What is the units digit of 4800806?
6
What is the hundreds digit of 161846?
8
What is the millions digit of 9545399?
9
What is the units digit of 259498?
8
What is the units digit of 1979677?
7
What is the hundreds digit of 512266?
2
What is the hundred thousands digit of 143496?
1
What is the ten thousands digit of 16487660?
8
What is the tens digit of 1059594?
9
What is the thousands digit of 6054543?
4
What is the thousands digit of 102606?
2
What is the thousands digit of 118212?
8
What is the units digit of 47255?
5
What is the ten thousands digit of 89387?
8
What is the units digit of 920256?
6
What is the units digit of 477679?
9
What is the ten thousands digit of 6280348?
8
What is the millions digit of 10780891?
0
What is the thousands digit of 365943?
5
What is the thousands digit of 23113702?
3
What is the thousands digit of 7373965?
3
What is the hundreds digit of 11886594?
5
What is the hundred thousands digit of 528170?
5
What is the units digit of 1164492?
2
What is the hundreds digit of 465378?
3
What is the hundreds digit of 216531?
5
What is the hundred thousands digit of 1175987?
1
What is the tens digit of 1094479?
7
What is the tens digit of 5308122?
2
What is the thousands digit of 700041?
0
What is the hundred thousands digit of 5765932?
7
What is the tens digit of 181278?
7
What is the tens digit of 1478273?
7
What is the units digit of 242264?
4
What is the units digit of 1746840?
0
What is the units digit of 795306?
6
What is the tens digit of 952429?
2
What is the units digit of 4684238?
8
What is the hundred thousands digit of 1452498?
4
What is the thousands digit of 262366?
2
What is the tens digit of 2054892?
9
What is the tens digit of 11649490?
9
What is the hundred thousands digit of 6069375?
0
What is the hundred thousands digit of 8406214?
4
What is the hundred thousands digit of 301084?
3
What is the tens digit of 36708?
0
What is the hundreds digit of 270087?
0
What is the hundred thousands digit of 205203?
2
What is the thousands digit of 532028?
2
What is the tens digit of 2272875?
7
What is the thousands digit of 159561?
9
What is the units digit of 317182?
2
What is the thousands digit of 7676?
7
What is the hundred thousands digit of 1436740?
4
What is the units digit of 8267237?
7
What is the hundreds digit of 100681?
6
What is the tens digit of 695952?
5
What is the hundreds digit of 438754?
7
What is the millions digit of 1914944?
1
What is the ten millions digit of 13427847?
1
What is the units digit of 90928?
8
What is the hundreds digit of 265277?
2
What is the ten thousands digit of 1520950?
2
What is the thousands digit of 21166?
1
What is the units digit of 14861345?
5
What is the hundred thousands digit of 1279748?
2
What is the units digit of 958430?
0
What is the hundreds digit of 142405?
4
What is the tens digit of 226145?
4
What is the units digit of 45517?
7
What is the thousands digit of 434984?
4
What is the thousands digit of 120517?
0
What is the thousands digit of 3747131?
7
What is the hundreds digit of 229671?
6
What is the ten millions digit of 17115098?
1
What is the ten thousands digit of 9177791?
7
What is the ten thousands digit of 1900027?
0
What is the hundreds digit of 16168021?
0
What is the hundred thousands digit of 311935?
3
What is the ten thousands digit of 850486?
5
What is the hundred thousands digit of 219576?
2
What is the units digit of 4502552?
2
What is the ten thousands digit of 660940?
6
What is the tens digit of 873400?
0
What is the hundred thousands digit of 7747264?
7
What is the thousands digit of 708159?
8
What is the tens digit of 6698404?
0
What is the hundred thousands digit of 5596106?
5
What is the tens digit of 749112?
1
What is the hundred thousands digit of 422435?
4
What is the tens digit of 237800?
0
What is the units digit of 1863908?
8
What is the ten thousands digit of 5348456?
4
What is the thousands digit of 34930?
4
What is the units digit of 69949?
9
What is the thousands digit of 1676147?
6
What is the units digit of 254937?
7
What is the units digit of 20193577?
7
What is the tens digit of 3424543?
4
What is the ten millions digit of 18287410?
1
What is the hundred thousands digit of 8509295?
5
What is the 